
Let v = 418 - 50. Suppose 377*t = v*t + 4176. What is the hundreds digit of t?
4
Let z(l) = l**2 - 7*l - 11. Let b be z(9). Let u be ((-6)/9)/(b/(-42)). Suppose u*c - m + 4*m = 88, -3*m + 31 = c. What is the tens digit of c?
1
Suppose -3*d - 5*q + 5749 = 0, -2*d - 80*q = -85*q - 3866. What is the hundreds digit of d?
9
Let g(u) = u**3 - 7*u**2 - 2*u + 21. Let v be g(-4). What is the hundreds digit of (-21)/v + (-6103)/(-7)?
8
Suppose 3*w = -4*k + 97, 4*k - w = 3*w + 132. Suppose k*m - 26*m - 1096 = 0. What is the tens digit of m?
4
Suppose 2254 - 12476 = 38*q. Let b = q - -827. What is the tens digit of b?
5
Suppose -4*t + 5*k + 41823 = -127522, -k = 3*t - 127023. What is the thousands digit of t?
2
Suppose 0 = 4*a + 180 - 772. Let m = -79 + a. Suppose -3*r = -3*t - m, 3*r - 64 = t - 3*t. What is the units digit of r?
2
Let q be (-4)/(16/36)*(-2 - -1). Suppose 3930 = q*f - 435. What is the units digit of f?
5
Suppose -l + 767 = 7*k - 6*k, -4*l - 3817 = -5*k. Let f = k + 65. What is the hundreds digit of f?
8
Suppose -104 = -3*h - 5*g, 5*g + 3 = -7. Suppose h*w = 2618 + 3956. What is the hundreds digit of w?
1
Suppose -21 = -7*d + 14. Let g be d/2*(-208)/8*1. What is the tens digit of 876/5 - (-13)/g?
7
Let u(h) = 85*h**2 - 2*h + 4. Suppose 75 - 23 = 26*o. What is the units digit of u(o)?
0
Let l(x) = 6208*x**3 - 3*x**2 + 12*x - 23. What is the ten thousands digit of l(2)?
4
Let k(y) = y**2 - 9*y - 8. Let d = 84 + -74. Let u be k(d). Suppose -5*v - u*v = -413. What is the units digit of v?
9
Suppose -6*n + 11 = -1. Suppose -16 = -4*m, -4*m - 4025 = -n*p - 85. What is the tens digit of p?
7
Let h be (1 + -19)/((-8)/(-20)). Let k(m) = 41*m - 1. Let n be k(4). Let j = n + h. What is the hundreds digit of j?
1
Let q = -383 + 9628. What is the hundreds digit of q?
2
Suppose -3914 = -3*b + 3031. Suppose w + 4*h - 380 = 64, -5*w + b = h. What is the tens digit of w?
6
Suppose 0 = 11*z + 208 - 208. Let f(j) be the third derivative of -j**6/120 + j**4/12 + 31*j**3/3 - j**2. What is the tens digit of f(z)?
6
Let a(p) = -p**3 - 61*p**2 - 50*p + 482. What is the units digit of a(-66)?
2
Suppose 3*r = 15, -4*m + 3*r = -0 - 1. Let f be (6 - 20/m)*(86 + -1). Suppose 3*w = -5*c + 222, -3*w + f = -5*c - 107. What is the tens digit of w?
6
Let b(h) = 3*h + 20. Let f be b(10). Let l = -46 + f. What is the units digit of (-1 + 0)/(l/(-432))?
8
Let t(q) = 7*q**2 + 14*q - 259. What is the thousands digit of t(-18)?
1
Let i(y) = -4*y**3 - 16*y**2 + 19*y + 11. Let s(o) = -o**3 - o**2. Let v(q) = i(q) - 5*s(q). What is the units digit of v(11)?
0
Suppose 3*v - 15 = -0*v. Let d(q) = -89 + 18*q - 91 - 83 + 252. What is the units digit of d(v)?
9
Let x = -26972 + 2851. What is the thousands digit of (-8)/(-68) - x/17?
1
Suppose 7052 = y + 3*m - 1002, 2*m = -3*y + 24162. What is the units digit of y?
4
Suppose k - 108 = -3*k. Suppose -4*y - 26 = m + 4*m, 4*m = 3*y - k. What is the hundreds digit of (26/m - -5)/(4/1038)?
1
Suppose -n - 3*b + 2984 = 877, 0 = n + b - 2103. What is the units digit of n?
1
Let u be 5 - (2/10)/((-16)/(-160)). Suppose 9 + 1 = 5*b. Suppose 0 = -5*p - 3*a + 143, -b*p - 7 + 57 = u*a. What is the tens digit of p?
3
Let z(j) = -13*j - 340. Let s be z(0). Let u = 292 - s. What is the hundreds digit of u?
6
Let m(i) = 74*i**3 - 4*i**2 - 3. Let y be m(2). Suppose 0 = 3*a + 5*x - 206, -2*x - 99 = -a - 12. Suppose -5*v + a = -y. What is the tens digit of v?
3
Suppose -358251 = -31*s + 54740 - 57328. What is the hundreds digit of s?
4
What is the thousands digit of 9863 + (-96)/(2 - 10)?
9
Suppose i - 4*n - 283 = 2*i, -4 = -2*n. Let d = i - -1300. What is the units digit of d?
9
Suppose 1260 = 16*r - r. Let f = -50 + r. What is the units digit of f?
4
Let k(m) = -2*m**2 + 15*m + 2. Let d be k(11). Let l be 30/d - (-12)/5. Suppose -l + 8 = 2*u. What is the units digit of u?
3
Let k(c) = 83*c - 1377. What is the units digit of k(118)?
7
What is the tens digit of 6 + (-15 + 14115 - -11)?
1
Let r(k) = -4360*k**3 + 10*k**2 + 13*k + 3. What is the hundreds digit of r(-1)?
3
Let r be (230/(-50) - -9)/((-4)/(-30)). Let w = -16 - -6. Let c = r + w. What is the units digit of c?
3
Suppose 14*v - 3 = 39. Suppose -k + 2*k = 3*y - 1004, -v*y = 2*k - 1016. What is the hundreds digit of y?
3
Let z be ((-18)/(-8))/(6/4608). Suppose 2*r + r - z = -3*y, 4*y - 2299 = r. What is the hundreds digit of y?
5
Let k = 588 - -6919. What is the thousands digit of k?
7
Suppose q - 103 = 93. Suppose 24*m + q = 10*m. What is the hundreds digit of (m - 1)*(-1408)/160?
1
Suppose 4332*j = 4343*j - 303776. What is the tens digit of j?
1
Let a = 128 + -126. Let m(j) = -14*j + 3. Let f be m(-3). What is the hundreds digit of 2/9 - a*(-4360)/f?
1
Let q(f) = 9*f + 10*f**2 + 4 - 2*f**3 + 5*f**3 + 1 - 2*f**3. Let t be q(-9). What is the tens digit of (69/t - 1)/((-2)/(-10))?
6
Let f(z) = -7*z**2 + 12*z + 5. Let t be f(3). What is the units digit of (-2727)/(-202)*t/3*-1?
9
Let o(i) = -183*i**3 + 14*i**2 + 28*i + 96. What is the ten thousands digit of o(-4)?
1
Let k = 83895 - 58677. What is the thousands digit of k?
5
Let a be 11/(66/(-36)) - -761. Suppose 4*f - 5*i - 1101 = a, -4*i = -5*f + 2320. What is the tens digit of f?
6
Let j = -2210 + 3618. Let f = j + 437. What is the thousands digit of f?
1
Let b = 23 - 13. Suppose 4*j + 3*n - 28 = -n, -3*j + 7 = -4*n. Let z = j + b. What is the tens digit of z?
1
Suppose 42 = 23*u - 27. Suppose -14*x - u*x + 1836 = 0. What is the tens digit of x?
0
Let a = -3122 - -4810. Let c = -933 + a. What is the tens digit of c?
5
Let n be 2/((4/(-9))/(-2)). Suppose -n*h - 1401 = -5226. What is the tens digit of h?
2
Suppose -2*g + 3*k = 4, -5*g + 3*k + 4 + 4 = 0. Suppose j = c - 1 - 4, 11 = -g*j + c. What is the tens digit of (-5)/(20/(-108)) + j + -3?
2
Let r = 14 - 10. Let d be 2128/(-63) + r/(-18). Let o = d + 106. What is the tens digit of o?
7
Let d be (-16)/40 + (1230176/10)/4. Suppose -27*q = 10855 - d. What is the units digit of q?
7
Let g(u) = -2. Let a(v) = 34*v - 3. Let m(b) = a(b) + 3*g(b). Let l be m(-7). Let r = l + 458. What is the units digit of r?
1
Suppose -u = 4*u + 4*j - 36, 2*u - 5*j - 21 = 0. Let l(p) = p**3 - 9*p**2 + 7*p + 1. Let x be l(u). What is the units digit of 2*(x + 4)*-13?
8
Suppose 0 = 2*s + 2*t - 16 - 0, -5*s + 20 = t. Suppose 0*l - l + s*v + 510 = 0, -3*l + 1569 = 4*v. What is the units digit of l?
9
Let h(i) = 18*i - 5. Let n be h(-12). Let w = 752 + n. What is the units digit of w?
1
Let k(v) = -4*v + 118. Let o be k(29). Suppose o*b = -5*n + 852, 5*n = 5*b + 861 - 16. What is the hundreds digit of n?
1
Let m = -363 - -739. Suppose 4*q = -j - 0*j - m, 12 = 3*j. Let o = 171 + q. What is the units digit of o?
6
Let y = -5770 - -10292. What is the units digit of y?
2
Let a(z) = 5*z**3 - 5*z**2 + 13*z - 17. Let u(j) = -11*j**3 + 11*j**2 - 26*j + 34. Let p(c) = 7*a(c) + 3*u(c). What is the hundreds digit of p(5)?
2
Suppose -107*b + 146288 = 3*a - 102*b, -5*b - 97542 = -2*a. What is the thousands digit of a?
8
Let x(p) = -p**3 - 9*p**2 + 4*p - 4. Let q be x(-9). Let m be ((-68)/(-8) - 1)/((-3)/q). Let b = m + -20. What is the tens digit of b?
8
Let k(o) = -16*o + 11. Let z be k(-4). Suppose -56 = -3*t + 3*b + 166, -2*b = -t + z. What is the units digit of t?
3
Let a(j) = -19*j**3 - 24*j**2 - 174*j + 121. What is the units digit of a(-12)?
5
Suppose 0 = 367*c - 483*c + 1538972. What is the units digit of c?
7
Let s(y) be the third derivative of 7*y**5/60 - y**4/12 + y**3/2 + 7*y**2. Let o be s(-4). Let x = -72 + o. What is the tens digit of x?
5
Let b = 1180 + 30990. What is the hundreds digit of b?
1
Suppose 0 = 4*p + 3*j - 164, -2*p = -4*p - j + 82. Let t(k) = -11*k + p - 4 - 11. What is the units digit of t(-5)?
1
Let k(z) = 73*z**2 - 60*z + 1038. What is the tens digit of k(15)?
6
Suppose 2*p - 6*s - 24398 = p, -4*s = 3*p - 73106. What is the hundreds digit of p?
3
What is the tens digit of (-1)/(-7) + 3329758/994?
5
Suppose -29*r = -22*r - 42. Suppose 611 = r*t - 3*t + 4*f, 0 = 4*t + 5*f - 813. What is the hundreds digit of t?
1
Let y = 12000 - 3853. What is the units digit of y?
7
Suppose -5*i + 4*i = 9*i - 135560. What is the ten thousands digit of i?
1
Suppose 0 = -91*m + 96*m + 20. Let c be m + (4 - 6) + 28. Suppose 0